{"id":53,"date":"2024-06-23T09:48:45","date_gmt":"2024-06-23T07:48:45","guid":{"rendered":"https:\/\/tarwat.pl\/?page_id=53"},"modified":"2025-11-05T10:02:22","modified_gmt":"2025-11-05T09:02:22","slug":"nasza-firma","status":"publish","type":"page","link":"https:\/\/tarwat.pl\/index.php\/nasza-firma\/","title":{"rendered":"Nasza firma"},"content":{"rendered":"<div class=\"vce-row-container\"><div class=\"vce-row vce-row--col-gap-30 vce-row-equal-height vce-row-content--top\" data-vce-full-width=\"true\" data-vce-stretch-content=\"true\" id=\"el-8277946d\" data-vce-do-apply=\"all el-8277946d\"><div class=\"vce-row-content\" data-vce-element-content=\"true\"><div class=\"vce-col vce-col--md-5p vce-col--xs-1 vce-col--xs-last vce-col--xs-first vce-col--sm-last vce-col--sm-first vce-col--md-first vce-col--lg-first vce-col--xl-first\" id=\"el-c6ac5967\"><div class=\"vce-col-inner\" data-vce-do-apply=\"border margin background  el-c6ac5967\"><div class=\"vce-col-content\" data-vce-element-content=\"true\" data-vce-do-apply=\"padding el-c6ac5967\"><div class=\"vcv-row-control-wrapper\"><\/div><\/div><\/div><\/div><div class=\"vce-col vce-col--md-90p vce-col--xs-1 vce-col--xs-last vce-col--xs-first vce-col--sm-last vce-col--sm-first\" id=\"el-fe8bf552\"><div class=\"vce-col-inner\" data-vce-do-apply=\"border margin background  el-fe8bf552\"><div class=\"vce-col-content\" data-vce-element-content=\"true\" data-vce-do-apply=\"padding el-fe8bf552\"><div class=\"vce-text-block\"><div class=\"vce-text-block-wrapper vce\" id=\"el-8bd594a8\" data-vce-do-apply=\"all el-8bd594a8\"><p style=\"text-align: center;\"><span style=\"font-size: 16pt;\"><strong>Nasz\u0105&nbsp;MISJ\u0104 jest pomoc w tworzeniu<\/strong><\/span><br><span style=\"font-size: 16pt;\"><strong>ekologicznych i energooszcz\u0119dnych rozwi\u0105za\u0144 dla FIRM i DOM\u00d3W<\/strong><\/span><\/p><hr><p style=\"text-align: center;\"><\/p><\/div><\/div><\/div><\/div><\/div><div class=\"vce-col vce-col--md-5p vce-col--xs-1 vce-col--xs-last vce-col--xs-first vce-col--sm-last vce-col--sm-first vce-col--md-last vce-col--lg-last vce-col--xl-last\" id=\"el-7c1970f0\"><div class=\"vce-col-inner\" data-vce-do-apply=\"border margin background  el-7c1970f0\"><div class=\"vce-col-content\" data-vce-element-content=\"true\" data-vce-do-apply=\"padding el-7c1970f0\"><div class=\"vcv-row-control-wrapper\"><\/div><\/div><\/div><\/div><\/div><\/div><\/div><div class=\"vce-row-container\"><div class=\"vce-row vce-row--col-gap-30 vce-row-equal-height vce-row-content--top\" data-vce-full-width=\"true\" data-vce-stretch-content=\"true\" id=\"el-8c12b00c\" data-vce-do-apply=\"all el-8c12b00c\"><div class=\"vce-row-content\" data-vce-element-content=\"true\"><div class=\"vce-col vce-col--md-5p vce-col--xs-1 vce-col--xs-last vce-col--xs-first vce-col--sm-last vce-col--sm-first vce-col--md-first vce-col--lg-first vce-col--xl-first\" id=\"el-51c26965\"><div class=\"vce-col-inner\" data-vce-do-apply=\"border margin background  el-51c26965\"><div class=\"vce-col-content\" data-vce-element-content=\"true\" data-vce-do-apply=\"padding el-51c26965\"><div class=\"vcv-row-control-wrapper\"><\/div><\/div><\/div><\/div><div class=\"vce-col vce-col--md-30p vce-col--xs-1 vce-col--xs-last vce-col--xs-first vce-col--sm-last vce-col--sm-first\" id=\"el-d8a1ecc2\"><div class=\"vce-col-inner\" data-vce-do-apply=\"border margin background  el-d8a1ecc2\"><div class=\"vce-col-content\" data-vce-element-content=\"true\" data-vce-do-apply=\"padding el-d8a1ecc2\"><div class=\"vce-feature-description vce\" id=\"el-7af426b5\" data-vce-do-apply=\"all el-7af426b5\"><div><div class=\"vce-feature-description-image-wrapper vce-feature-description-image-align--center\" style=\"width: 300px;\"><div class=\"vce-feature-description-image vce-features-shape--filled-rounded vce-feature-description-image--background-position-center-center\" style=\"background-image: url('https:\/\/tarwat.pl\/wp-content\/uploads\/2024\/06\/20240508_113423-\u2014-kopia.jpg'); padding: 0px 0px 100%;\"><\/div><\/div><div class=\"vce-feature-description-content\"><h1 style=\"text-transform: uppercase; text-align: center;\">O NAS<\/h1><\/div><div class=\"vce-button--style-outline-container vce-button--style-outline-container--align-center\"><span class=\"vce-button--style-outline-wrapper vce\" id=\"el-9c3df5a3\" data-vce-do-apply=\"margin el-9c3df5a3\"><a class=\"vce-button vce-button--style-outline-animated vce-button--style-outline--border-round vce-button--style-outline--size-medium vce-button--style-outline-animated--color-b-255-255-255--fff--3d3d3d vce-button--style-outline-animated--border-color-ba-0-0-0-0--3d3d3d vce-button--style-outline-animated--background-color-b-85-85-85\" href=\"https:\/\/tarwat.pl\/index.php\/o-nas\/\" title=\"\" data-vce-do-apply=\"padding border background  el-9c3df5a3\"><span class=\"vce-button--style-outline-text\">Dowiedz si\u0119 wi\u0119cej...<\/span><\/a><\/span><\/div><\/div><\/div><\/div><\/div><\/div><div class=\"vce-col vce-col--md-30p vce-col--xs-1 vce-col--xs-last vce-col--xs-first vce-col--sm-last vce-col--sm-first\" id=\"el-4c589102\"><div class=\"vce-col-inner\" data-vce-do-apply=\"border margin background  el-4c589102\"><div class=\"vce-col-content\" data-vce-element-content=\"true\" data-vce-do-apply=\"padding el-4c589102\"><div class=\"vce-feature-description vce\" id=\"el-22766136\" data-vce-do-apply=\"all el-22766136\"><div><div class=\"vce-feature-description-image-wrapper vce-feature-description-image-align--center\" style=\"width: 300px;\"><div class=\"vce-feature-description-image vce-features-shape--filled-rounded vce-feature-description-image--background-position-center-center\" style=\"padding: 0px 0px 100%; background-image: url('https:\/\/tarwat.pl\/wp-content\/uploads\/2025\/03\/DJI_0465-\u2014-kopia.jpg');\"><\/div><\/div><div class=\"vce-feature-description-content\"><h1 style=\"text-transform: uppercase; text-align: center;\">DLACZEGO MY?<\/h1><\/div><div class=\"vce-button--style-outline-container vce-button--style-outline-container--align-center\"><span class=\"vce-button--style-outline-wrapper vce\" id=\"el-b956506c\" data-vce-do-apply=\"margin el-b956506c\"><a class=\"vce-button vce-button--style-outline-animated vce-button--style-outline--border-round vce-button--style-outline--size-medium vce-button--style-outline-animated--color-b-255-255-255--fff--3d3d3d vce-button--style-outline-animated--border-color-ba-0-0-0-0--3d3d3d vce-button--style-outline-animated--background-color-b-85-85-85\" href=\"https:\/\/tarwat.pl\/index.php\/dlaczego-my\/\" title=\"\" data-vce-do-apply=\"padding border background  el-b956506c\"><span class=\"vce-button--style-outline-text\">Dowiedz si\u0119 wi\u0119cej...<\/span><\/a><\/span><\/div><\/div><\/div><\/div><\/div><\/div><div class=\"vce-col vce-col--md-30p vce-col--xs-1 vce-col--xs-last vce-col--xs-first vce-col--sm-last vce-col--sm-first\" id=\"el-87c919bc\"><div class=\"vce-col-inner\" data-vce-do-apply=\"border margin background  el-87c919bc\"><div class=\"vce-col-content\" data-vce-element-content=\"true\" data-vce-do-apply=\"padding el-87c919bc\"><div class=\"vce-feature-description vce\" id=\"el-f91df726\" data-vce-do-apply=\"all el-f91df726\"><div><div class=\"vce-feature-description-image-wrapper vce-feature-description-image-align--center\" style=\"width: 300px;\"><div class=\"vce-feature-description-image vce-features-shape--filled-rounded vce-feature-description-image--background-position-center-center\" style=\"background-image: url('https:\/\/tarwat.pl\/wp-content\/uploads\/2024\/06\/Polityka-prywatnosci-min.jpg'); padding: 0px 0px 100%;\"><\/div><\/div><div class=\"vce-feature-description-content\"><h1 style=\"text-transform: uppercase; text-align: center;\">POLITYKA PRYWATNO\u015aCI<\/h1><\/div><div class=\"vce-button--style-outline-container vce-button--style-outline-container--align-center\"><span class=\"vce-button--style-outline-wrapper vce\" id=\"el-be00dcc7\" data-vce-do-apply=\"margin el-be00dcc7\"><a class=\"vce-button vce-button--style-outline-animated vce-button--style-outline--border-round vce-button--style-outline--size-medium vce-button--style-outline-animated--color-b-255-255-255--fff--3d3d3d vce-button--style-outline-animated--border-color-ba-0-0-0-0--3d3d3d vce-button--style-outline-animated--background-color-b-85-85-85\" href=\"https:\/\/tarwat.pl\/index.php\/polityka-prywatnosci\/\" title=\"\" data-vce-do-apply=\"padding border background  el-be00dcc7\"><span class=\"vce-button--style-outline-text\">Dowiedz si\u0119 wi\u0119cej...<\/span><\/a><\/span><\/div><\/div><\/div><\/div><\/div><\/div><div class=\"vce-col vce-col--md-5p vce-col--xs-1 vce-col--xs-last vce-col--xs-first vce-col--sm-last vce-col--sm-first vce-col--md-last vce-col--lg-last vce-col--xl-last\" id=\"el-ec8ba9cf\"><div class=\"vce-col-inner\" data-vce-do-apply=\"border margin background  el-ec8ba9cf\"><div class=\"vce-col-content\" data-vce-element-content=\"true\" data-vce-do-apply=\"padding el-ec8ba9cf\"><div class=\"vcv-row-control-wrapper\"><\/div><\/div><\/div><\/div><\/div><\/div><\/div>","protected":false},"excerpt":{"rendered":"<p>Nasz\u0105&nbsp;MISJ\u0104 jest pomoc w tworzeniuekologicznych i energooszcz\u0119dnych rozwi\u0105za\u0144 dla FIRM i DOM\u00d3WO NASDowiedz si\u0119 wi\u0119cej&#8230;DLACZEGO MY?Dowiedz si\u0119 wi\u0119cej&#8230;POLITYKA PRYWATNO\u015aCIDowiedz si\u0119 wi\u0119cej&#8230;<\/p>\n","protected":false},"author":1,"featured_media":317,"parent":0,"menu_order":0,"comment_status":"closed","ping_status":"closed","template":"","meta":{"footnotes":""},"class_list":["post-53","page","type-page","status-publish","has-post-thumbnail","hentry"],"_links":{"self":[{"href":"https:\/\/tarwat.pl\/index.php\/wp-json\/wp\/v2\/pages\/53"}],"collection":[{"href":"https:\/\/tarwat.pl\/index.php\/wp-json\/wp\/v2\/pages"}],"about":[{"href":"https:\/\/tarwat.pl\/index.php\/wp-json\/wp\/v2\/types\/page"}],"author":[{"embeddable":true,"href":"https:\/\/tarwat.pl\/index.php\/wp-json\/wp\/v2\/users\/1"}],"replies":[{"embeddable":true,"href":"https:\/\/tarwat.pl\/index.php\/wp-json\/wp\/v2\/comments?post=53"}],"version-history":[{"count":15,"href":"https:\/\/tarwat.pl\/index.php\/wp-json\/wp\/v2\/pages\/53\/revisions"}],"predecessor-version":[{"id":1551,"href":"https:\/\/tarwat.pl\/index.php\/wp-json\/wp\/v2\/pages\/53\/revisions\/1551"}],"wp:featuredmedia":[{"embeddable":true,"href":"https:\/\/tarwat.pl\/index.php\/wp-json\/wp\/v2\/media\/317"}],"wp:attachment":[{"href":"https:\/\/tarwat.pl\/index.php\/wp-json\/wp\/v2\/media?parent=53"}],"curies":[{"name":"wp","href":"https:\/\/api.w.org\/{rel}","templated":true}]}}